is b + -212bcb?
-212bc0
In base 4, what is 2 - 30013101233?
-30013101231
In base 4, what is -10220102131 + -332?
-10220103123
In base 7, what is 24642 - 14523?
10116
In base 3, what is -1212012 + -102011211?
-111001000
In base 16, what is -3 - -548a73?
548a70
In base 9, what is -1 + 28007435?
28007434
In base 3, what is 2 + -101111102020?
-101111102011
In base 7, what is -5152355266 + 5?
-5152355261
In base 8, what is 15 + -136062520?
-136062503
In base 3, what is -10 - -120001112121020?
120001112121010
In base 4, what is -3020333 + -1021?
-3022020
In base 12, what is -535713 + -a1?
-5357b4
In base 2, what is 100101101110101 - 10101001101?
100011000101000
In base 2, what is 1011010000 - 100101011100011?
-100100000010011
In base 13, what is a6b9c52 - -5?
a6b9c57
In base 14, what is 13a - 17d10d?
-17cdb3
In base 9, what is -37828754 + 2?
-37828752
In base 4, what is 1200 + -303110332303?
-303110331103
In base 13, what is 1a2b + 840?
256b
In base 3, what is 200200122120000201 + 11?
200200122120000212
In base 5, what is 11130 - -130120?
141300
In base 5, what is 2232200 - 122002?
2110143
In base 2, what is 111010001101101110001001001 - -11?
111010001101101110001001100
In base 5, what is 2 + -2141201230?
-2141201223
In base 8, what is 5547 + 12542?
20311
In base 11, what is 733a9a0 - 0?
733a9a0
In base 12, what is 44 - 15545a?
-155416
In base 14, what is 0 + -1d43b138?
-1d43b138
In base 3, what is 1201 + -2002122220012?
-2002122211111
In base 5, what is -43114213 + -1213?
-43120431
In base 14, what is -7290b11 - 1?
-7290b12
In base 3, what is 111222210000001 - 2?
111222202222222
In base 11, what is -26 + 538833?
538808
In base 7, what is 0 + -203105133?
-203105133
In base 11, what is -5 + -289017a4?
-289017a9
In base 2, what is 100110011011100011101010 - -1000?
100110011011100011110010
In base 7, what is -3 - 22362221?
-22362224
In base 2, what is 10100001100 + -11100101100000?
-11010001010100
In base 14, what is -7a389 + -b1?
-7a45a
In base 3, what is -20120121112110000 - -10?
-20120121112102220
In base 15, what is bea055 - -4?
bea059
In base 9, what is 2036 + -108260?
-106223
In base 5, what is -3401234 + 131220?
-3220014
In base 16, what is -58c67e - 4?
-58c682
In base 14, what is -265d7 - -3d3?
-26204
In base 4, what is -1122323220 + -300?
-1122330120
In base 7, what is 124265626 + -3?
124265623
In base 8, what is -5 + -20671261?
-20671266
In base 16, what is -1a - -3a65d?
3a643
In base 14, what is -d + 11b46d?
11b460
In base 5, what is -24032143 - 10444?
-24043142
In base 8, what is 4737 - 1024?
3713
In base 13, what is 3b9 - -45139?
45525
In base 16, what is 67e6 - 102?
66e4
In base 15, what is -64 + -92b1?
-9325
In base 9, what is -66063 + -5278?
-72352
In base 7, what is -200446 + -1221?
-202000
In base 11, what is -906 - 6605?
-7410
In base 7, what is -5140 + 20?
-5120
In base 2, what is 11011100100101011000 + -1001?
11011100100101001111
In base 6, what is -1310 + -354052?
-355402
In base 5, what is -402 + -400231204?
-400232111
In base 3, what is 1 - 2021022201101?
-2021022201100
In base 16, what is 2b2 + 57b77?
57e29
In base 13, what is -5a87 - 15081?
-1ab38
In base 5, what is -102441442340 + 3?
-102441442332
In base 12, what is -a9 + -b7613?
-b7700
In base 7, what is -646400 - -12210?
-634160
In base 8, what is 415132 + -10107?
405023
In base 15, what is -12c17 - -148?
-12abe
In base 4, what is 220121 + 12320222?
13201003
In base 9, what is -5 - -7217681?
7217675
In base 10, what is 929879 - 210?
929669
In base 4, what is -32300003202333 - -11?
-32300003202322
In base 3, what is 21 - -2001120101110?
2001120101201
In base 4, what is -110 - -2132102231211?
2132102231101
In base 6, what is 1003315150 + -11?
1003315135
In base 8, what is -10571577 - 112?
-10571711
In base 9, what is -711 + 10136?
8325
In base 14, what is 3 + -19b18a7?
-19b18a4
In base 8, what is 57365 + -3073?
54272
In base 2, what is -10001 + -11011001100100101110000?
-11011001100100110000001
In base 9, what is 5 - -46510021?
46510026
In base 11, what is -8a78a - -489?
-8a301
In base 16, what is 2 + 96920c?
96920e
In base 4, what is -3 + -10232321112?
-10232321121
In base 15, what is 642d86a - 7?
642d863
In base 16, what is -2962 - -324?
-263e
In base 5, what is 12204122 + -414?
12203203
In base 9, what is 3484 + 4043?
7537
In base 10, what is 2103 + 10080?
12183
In base 16, what is -3 - -1d2101?
1d20fe
In base 2, what is 11001000101010000 + 100000?
11001000101110000
In base 6, what is 2 + 3044213030?
3044213032
In base 13, what is -538 + -2c81?
-34b9
In base 4, what is 11320011221 + 20?
11320011301
In base 12, what is -1480b - -1252?
-13579
In base 11, what is -611 + -6477?
-6a88
In base 2, what is 1000001011011011100100 + -1000110?
1000001011011010011110
In base 3, what is 110001122122 + 201211?
110002101110
In base 2, what is 1111 - -1110101011110001000000110?
1110101011110001000010101
In base 5, what is 1031110 + -32411?
443144
In base 5, what is 20043030441 - 1?
20043030440
In base 15, what is 2 - 93ecb?
-93ec9
In base 12, what is 0 - -1999931?
1999931
In base 9, what is 3775 + -4145?
-260
In base 6, what is -1 - 2032500425?
-2032500430
In base 13, what is -1a4 + -1247b?
-12652
In base 8, what is 5160124 - -213?
5160337
In base 9, what is 12115724 + -12?
12115712
In base 8, what is -73 + 7063353?
7063260
In base 12, what is 1148 - -11736?
12882
In base 14, what is -76 + -1b650d?
-1b6585
In base 13, what is -61c3096 - 5?
-61c309b
In base 12, what is 4 + -25676238?
-25676234
In base 3, what is 202 + 1100200210221?
1100200211200
In base 5, what is -1014224 - 2143301?
-3213030
In base 8, what is -12 - 601610131?
-601610143
In base 6, what is -102120 - -12354?
-45322
In base 2, what is 11011110011110 + 11100101111?
11111011001101
In base 7, what is 223 + -1050316?
-1050063
In base 15, what is d - 12a7bb?
-12a7ad
In base 2, what is 101 - 11000100101100001111?
-11000100101100001010
In base 15, what is -1b + 43c9d?
43c82
In base 9, what is -5236 - 37574?
-43821
In base 13, what is 4 + -8c6a874?
-8c6a870
In base 16, what is -57a67 + 95?
-579d2
In base 12, what is 52b + 131336?
131865
In base 8, what is -41 - 27041757?
-27042020
In base 2, what is -1 - -10000011100000011010000101010?
10000011100000011010000101001
In base 3, what is 101211022222 + -10121?
101211012101
In base 10, what is 4 + 945246?
945250
In base 7, what is 2 + -65400031?
-65400026
In base 15, what is 0 + 1b9c8b?
1b9c8b
In base 6, what is 32322 - -30052?
102414
In base 3, what is -112100 + -1222022002?
-1222211102
In base 14, what is -3 - 2cb2457?
-2cb245a
In base 12, what is 1064 - -5b57?
6bbb
In base 15, what is 120 - 61a1?
-6081
In base 2, what is -1111111001000011101001010000 - 101?
-1111111001000011101001010101
In base 16, what is -48fd5 - e?
-48fe3
In base 4, what is 11300123 - 1033002?
10201121
In base 6, what is -3305152222 + -35?
-3305152301
In base 5, what is -1 - 13121233?
-13121234
In base 13, what is 4b83b - -b?
4b849
In base 4, what is -1033210013 + 32?
-1033203321
In base 11, what is -5 - -3aaa480?
3aaa476
In base 6, what is -2543 + 555110?
552123
In base 3, what is 11001 - -2201022212?
2201110220
In base 15, what is -a - -2563e8?
2563dd
In base 13, what is 26b30 - -3a?
26b6a
In base 7, what is 105 + 11656133?
11656241
In base 15, what is 12 + d013?
d025
In base 10, what is -3141337 - -2?
-3141335
In base 9, what is -334 - 3248?
-3583
In base 11, what is 1a4401 - -35?
1a4436
In base 15, what is ea025c - -2?
ea025e
In base 12, what is -73691 - 1?
-73692
In base 3, what is -10221122011022 + 2?
-10221122011020
In base 9, what is 52 - -134074?
134136
In base 9, what is 5 + -168525172?
-168525166
In base 9, what is -10 + -164004?
-164014
In base 11, what is 6426 - 7353?
-a28
In base 8, what is -15500631 - 7?
-15500640
In base 6, what is 4 + -4353101041?
-4353101033
In base 5, what is 1311321403232 + -4?
1311321403223
In base 16, what is 50ae - cb?
4fe3
In base 2, what is 11 + -11011101000110010?
-11011101000101111
In base 7, what is 20 - 15022064?
-15022044
In base 9, what is 3 + -2155636?
-2155633
In base 6, what is -2344 - -202233?
155445
In base 2, what is 1001001101000 + 111100110?
1010001001110
In base 9, what is 2683 - -3856?
6650
In base 6, what is -512244503 - -152?
-512244311
In base 15,